{"id":22753,"date":"2018-09-20T05:16:55","date_gmt":"2018-09-20T05:16:55","guid":{"rendered":"http:\/\/themes.themegoods.com\/hoteller\/cultural\/?post_type=mphb_room_type&#038;p=85"},"modified":"2024-11-15T10:36:42","modified_gmt":"2024-11-15T10:36:42","slug":"sentfores","status":"publish","type":"mphb_room_type","link":"https:\/\/www.calfusterdetous.com\/eng\/accommodation\/sentfores\/","title":{"rendered":"Sentfores"},"content":{"rendered":"<p>Double room with shower, towels, soap dispenser, fridge, safe, sheets, Wi-Fi, bathroom with shower and heating. Room with exit overlooking Pla\u00e7a Major de Tous.<\/p>\n<p>With the reservation you will have the possibility and free access to the common areas of the house such as the recreation rooms, the museum exhibition and the entire area of La Fou including the swimming pool, the terrace and the kitchen where you will find a small refreshment. Access to the sauna must be arranged.<\/p>\n<p>L&#8217;habitaci\u00f3 pot reservar-se amb \u00a0un bressol per a un nad\u00f3 de menys de 10kg amb un cost de 25\u20ac.<\/p>\n<p>For families with children, we recommend the Sol de Tous bedroom + the Torrent Cavaller bedroom.<\/p>\n<p><em>&quot;Mare de D\u00e9u de Sentfores is a religious building protected as a cultural asset of local interest. With almost seven centuries of history, it has been a point of devotion for the inhabitants of the town of Tous and nearby municipalities. The legend says that the construction of the hermitage was due to the stubbornness of the Virgin of Sentfores, found by a shepherd, to remain on that mountain...&quot;<\/em><\/p>\n<p><em>*Les mascotes tenen un cost de 30\u20ac+IVA per mascota. En cas de m\u00e9s d&#8217;una mascota siusplau contacteu amb la casa.<\/em><\/p>","protected":false},"excerpt":{"rendered":"<p>Double room with shower, towels, soap dispenser, fridge, safe, sheets, Wi-Fi, bathroom with shower and heating.<\/p>","protected":false},"featured_media":25698,"menu_order":0,"comment_status":"closed","ping_status":"closed","template":"","mphb_room_type_category":[230],"mphb_room_type_tag":[],"mphb_room_type_facility":[233,232,234,227,221],"class_list":["post-22753","mphb_room_type","type-mphb_room_type","status-publish","has-post-thumbnail","hentry","mphb_room_type_category-standard-rooms","mphb_room_type_facility-aire-acondicionat","mphb_room_type_facility-calefaccio","mphb_room_type_facility-neteja","mphb_room_type_facility-tovalloles-llencols","mphb_room_type_facility-wifi","mphb-room-type-adults-2","mphb-room-type-children-0","has-taxes-and-fees"],"yoast_head":"<!-- This site is optimized with the Yoast SEO plugin v27.4 - https:\/\/yoast.com\/product\/yoast-seo-wordpress\/ -->\n<title>Sentfores - Cal Fuster de la pla\u00e7a<\/title>\n<meta name=\"robots\" content=\"index, follow, max-snippet:-1, max-image-preview:large, max-video-preview:-1\" \/>\n<link rel=\"canonical\" href=\"https:\/\/www.calfusterdetous.com\/eng\/accommodation\/sentfores\/\" \/>\n<meta property=\"og:locale\" content=\"en_GB\" \/>\n<meta property=\"og:type\" content=\"article\" \/>\n<meta property=\"og:title\" content=\"Sentfores - Cal Fuster de la pla\u00e7a\" \/>\n<meta property=\"og:description\" content=\"Habitaci\u00f3 doble amb dutxa, tovalloles, panera de sabonets, nevera, caixa forta, llen\u00e7ols, Wifi, bany amb dutxa i calefacci\u00f3.\" \/>\n<meta property=\"og:url\" content=\"https:\/\/www.calfusterdetous.com\/eng\/accommodation\/sentfores\/\" \/>\n<meta property=\"og:site_name\" content=\"Cal Fuster de la pla\u00e7a\" \/>\n<meta property=\"article:modified_time\" content=\"2024-11-15T10:36:42+00:00\" \/>\n<meta property=\"og:image\" content=\"https:\/\/www.calfusterdetous.com\/wp-content\/uploads\/2018\/09\/sentfores-PRAL.jpg\" \/>\n\t<meta property=\"og:image:width\" content=\"1920\" \/>\n\t<meta property=\"og:image:height\" content=\"1321\" \/>\n\t<meta property=\"og:image:type\" content=\"image\/jpeg\" \/>\n<meta name=\"twitter:card\" content=\"summary_large_image\" \/>\n<meta name=\"twitter:label1\" content=\"Estimated reading time\" \/>\n\t<meta name=\"twitter:data1\" content=\"1 minute\" \/>\n<script type=\"application\/ld+json\" class=\"yoast-schema-graph\">{\"@context\":\"https:\\\/\\\/schema.org\",\"@graph\":[{\"@type\":\"WebPage\",\"@id\":\"https:\\\/\\\/www.calfusterdetous.com\\\/accommodation\\\/sentfores\\\/\",\"url\":\"https:\\\/\\\/www.calfusterdetous.com\\\/accommodation\\\/sentfores\\\/\",\"name\":\"Sentfores - Cal Fuster de la pla\u00e7a\",\"isPartOf\":{\"@id\":\"https:\\\/\\\/www.calfusterdetous.com\\\/#website\"},\"primaryImageOfPage\":{\"@id\":\"https:\\\/\\\/www.calfusterdetous.com\\\/accommodation\\\/sentfores\\\/#primaryimage\"},\"image\":{\"@id\":\"https:\\\/\\\/www.calfusterdetous.com\\\/accommodation\\\/sentfores\\\/#primaryimage\"},\"thumbnailUrl\":\"https:\\\/\\\/www.calfusterdetous.com\\\/wp-content\\\/uploads\\\/2018\\\/09\\\/sentfores-PRAL.jpg\",\"datePublished\":\"2018-09-20T05:16:55+00:00\",\"dateModified\":\"2024-11-15T10:36:42+00:00\",\"breadcrumb\":{\"@id\":\"https:\\\/\\\/www.calfusterdetous.com\\\/accommodation\\\/sentfores\\\/#breadcrumb\"},\"inLanguage\":\"en-GB\",\"potentialAction\":[{\"@type\":\"ReadAction\",\"target\":[\"https:\\\/\\\/www.calfusterdetous.com\\\/accommodation\\\/sentfores\\\/\"]}]},{\"@type\":\"ImageObject\",\"inLanguage\":\"en-GB\",\"@id\":\"https:\\\/\\\/www.calfusterdetous.com\\\/accommodation\\\/sentfores\\\/#primaryimage\",\"url\":\"https:\\\/\\\/www.calfusterdetous.com\\\/wp-content\\\/uploads\\\/2018\\\/09\\\/sentfores-PRAL.jpg\",\"contentUrl\":\"https:\\\/\\\/www.calfusterdetous.com\\\/wp-content\\\/uploads\\\/2018\\\/09\\\/sentfores-PRAL.jpg\",\"width\":1920,\"height\":1321},{\"@type\":\"BreadcrumbList\",\"@id\":\"https:\\\/\\\/www.calfusterdetous.com\\\/accommodation\\\/sentfores\\\/#breadcrumb\",\"itemListElement\":[{\"@type\":\"ListItem\",\"position\":1,\"name\":\"Portada\",\"item\":\"https:\\\/\\\/www.calfusterdetous.com\\\/\"},{\"@type\":\"ListItem\",\"position\":2,\"name\":\"Tipos de alojamientos\",\"item\":\"https:\\\/\\\/www.calfusterdetous.com\\\/accommodation\\\/\"},{\"@type\":\"ListItem\",\"position\":3,\"name\":\"Sentfores\"}]},{\"@type\":\"WebSite\",\"@id\":\"https:\\\/\\\/www.calfusterdetous.com\\\/#website\",\"url\":\"https:\\\/\\\/www.calfusterdetous.com\\\/\",\"name\":\"Cal Fuster de la pla\u00e7a\",\"description\":\"Es una acogedora casa rural en Sant Mart\u00ed de Tous, ofreciendo cinco habitaciones \u00fanicas y espacios comunes llenos de historia y leyendas locales. \",\"publisher\":{\"@id\":\"https:\\\/\\\/www.calfusterdetous.com\\\/#organization\"},\"potentialAction\":[{\"@type\":\"SearchAction\",\"target\":{\"@type\":\"EntryPoint\",\"urlTemplate\":\"https:\\\/\\\/www.calfusterdetous.com\\\/?s={search_term_string}\"},\"query-input\":{\"@type\":\"PropertyValueSpecification\",\"valueRequired\":true,\"valueName\":\"search_term_string\"}}],\"inLanguage\":\"en-GB\"},{\"@type\":\"Organization\",\"@id\":\"https:\\\/\\\/www.calfusterdetous.com\\\/#organization\",\"name\":\"Cal Fuster de la pla\u00e7a\",\"url\":\"https:\\\/\\\/www.calfusterdetous.com\\\/\",\"logo\":{\"@type\":\"ImageObject\",\"inLanguage\":\"en-GB\",\"@id\":\"https:\\\/\\\/www.calfusterdetous.com\\\/#\\\/schema\\\/logo\\\/image\\\/\",\"url\":\"https:\\\/\\\/www.calfusterdetous.com\\\/wp-content\\\/uploads\\\/2020\\\/04\\\/Recurso-2@2x.png\",\"contentUrl\":\"https:\\\/\\\/www.calfusterdetous.com\\\/wp-content\\\/uploads\\\/2020\\\/04\\\/Recurso-2@2x.png\",\"width\":441,\"height\":171,\"caption\":\"Cal Fuster de la pla\u00e7a\"},\"image\":{\"@id\":\"https:\\\/\\\/www.calfusterdetous.com\\\/#\\\/schema\\\/logo\\\/image\\\/\"}}]}<\/script>\n<!-- \/ Yoast SEO plugin. -->","yoast_head_json":{"title":"Sentfores - Cal Fuster de la pla\u00e7a","robots":{"index":"index","follow":"follow","max-snippet":"max-snippet:-1","max-image-preview":"max-image-preview:large","max-video-preview":"max-video-preview:-1"},"canonical":"https:\/\/www.calfusterdetous.com\/eng\/accommodation\/sentfores\/","og_locale":"en_GB","og_type":"article","og_title":"Sentfores - Cal Fuster de la pla\u00e7a","og_description":"Habitaci\u00f3 doble amb dutxa, tovalloles, panera de sabonets, nevera, caixa forta, llen\u00e7ols, Wifi, bany amb dutxa i calefacci\u00f3.","og_url":"https:\/\/www.calfusterdetous.com\/eng\/accommodation\/sentfores\/","og_site_name":"Cal Fuster de la pla\u00e7a","article_modified_time":"2024-11-15T10:36:42+00:00","og_image":[{"width":1920,"height":1321,"url":"https:\/\/www.calfusterdetous.com\/wp-content\/uploads\/2018\/09\/sentfores-PRAL.jpg","type":"image\/jpeg"}],"twitter_card":"summary_large_image","twitter_misc":{"Estimated reading time":"1 minute"},"schema":{"@context":"https:\/\/schema.org","@graph":[{"@type":"WebPage","@id":"https:\/\/www.calfusterdetous.com\/accommodation\/sentfores\/","url":"https:\/\/www.calfusterdetous.com\/accommodation\/sentfores\/","name":"Sentfores - Cal Fuster de la pla\u00e7a","isPartOf":{"@id":"https:\/\/www.calfusterdetous.com\/#website"},"primaryImageOfPage":{"@id":"https:\/\/www.calfusterdetous.com\/accommodation\/sentfores\/#primaryimage"},"image":{"@id":"https:\/\/www.calfusterdetous.com\/accommodation\/sentfores\/#primaryimage"},"thumbnailUrl":"https:\/\/www.calfusterdetous.com\/wp-content\/uploads\/2018\/09\/sentfores-PRAL.jpg","datePublished":"2018-09-20T05:16:55+00:00","dateModified":"2024-11-15T10:36:42+00:00","breadcrumb":{"@id":"https:\/\/www.calfusterdetous.com\/accommodation\/sentfores\/#breadcrumb"},"inLanguage":"en-GB","potentialAction":[{"@type":"ReadAction","target":["https:\/\/www.calfusterdetous.com\/accommodation\/sentfores\/"]}]},{"@type":"ImageObject","inLanguage":"en-GB","@id":"https:\/\/www.calfusterdetous.com\/accommodation\/sentfores\/#primaryimage","url":"https:\/\/www.calfusterdetous.com\/wp-content\/uploads\/2018\/09\/sentfores-PRAL.jpg","contentUrl":"https:\/\/www.calfusterdetous.com\/wp-content\/uploads\/2018\/09\/sentfores-PRAL.jpg","width":1920,"height":1321},{"@type":"BreadcrumbList","@id":"https:\/\/www.calfusterdetous.com\/accommodation\/sentfores\/#breadcrumb","itemListElement":[{"@type":"ListItem","position":1,"name":"Portada","item":"https:\/\/www.calfusterdetous.com\/"},{"@type":"ListItem","position":2,"name":"Tipos de alojamientos","item":"https:\/\/www.calfusterdetous.com\/accommodation\/"},{"@type":"ListItem","position":3,"name":"Sentfores"}]},{"@type":"WebSite","@id":"https:\/\/www.calfusterdetous.com\/#website","url":"https:\/\/www.calfusterdetous.com\/","name":"Carpenter of the square is needed","description":"Es una acogedora casa rural en Sant Mart\u00ed de Tous, ofreciendo cinco habitaciones \u00fanicas y espacios comunes llenos de historia y leyendas locales.","publisher":{"@id":"https:\/\/www.calfusterdetous.com\/#organization"},"potentialAction":[{"@type":"SearchAction","target":{"@type":"EntryPoint","urlTemplate":"https:\/\/www.calfusterdetous.com\/?s={search_term_string}"},"query-input":{"@type":"PropertyValueSpecification","valueRequired":true,"valueName":"search_term_string"}}],"inLanguage":"en-GB"},{"@type":"Organization","@id":"https:\/\/www.calfusterdetous.com\/#organization","name":"Carpenter of the square is needed","url":"https:\/\/www.calfusterdetous.com\/","logo":{"@type":"ImageObject","inLanguage":"en-GB","@id":"https:\/\/www.calfusterdetous.com\/#\/schema\/logo\/image\/","url":"https:\/\/www.calfusterdetous.com\/wp-content\/uploads\/2020\/04\/Recurso-2@2x.png","contentUrl":"https:\/\/www.calfusterdetous.com\/wp-content\/uploads\/2020\/04\/Recurso-2@2x.png","width":441,"height":171,"caption":"Cal Fuster de la pla\u00e7a"},"image":{"@id":"https:\/\/www.calfusterdetous.com\/#\/schema\/logo\/image\/"}}]}},"_links":{"self":[{"href":"https:\/\/www.calfusterdetous.com\/eng\/wp-json\/wp\/v2\/mphb_room_type\/22753","targetHints":{"allow":["GET"]}}],"collection":[{"href":"https:\/\/www.calfusterdetous.com\/eng\/wp-json\/wp\/v2\/mphb_room_type"}],"about":[{"href":"https:\/\/www.calfusterdetous.com\/eng\/wp-json\/wp\/v2\/types\/mphb_room_type"}],"replies":[{"embeddable":true,"href":"https:\/\/www.calfusterdetous.com\/eng\/wp-json\/wp\/v2\/comments?post=22753"}],"wp:featuredmedia":[{"embeddable":true,"href":"https:\/\/www.calfusterdetous.com\/eng\/wp-json\/wp\/v2\/media\/25698"}],"wp:attachment":[{"href":"https:\/\/www.calfusterdetous.com\/eng\/wp-json\/wp\/v2\/media?parent=22753"}],"wp:term":[{"taxonomy":"mphb_room_type_category","embeddable":true,"href":"https:\/\/www.calfusterdetous.com\/eng\/wp-json\/wp\/v2\/mphb_room_type_category?post=22753"},{"taxonomy":"mphb_room_type_tag","embeddable":true,"href":"https:\/\/www.calfusterdetous.com\/eng\/wp-json\/wp\/v2\/mphb_room_type_tag?post=22753"},{"taxonomy":"mphb_room_type_facility","embeddable":true,"href":"https:\/\/www.calfusterdetous.com\/eng\/wp-json\/wp\/v2\/mphb_room_type_facility?post=22753"}],"curies":[{"name":"wp","href":"https:\/\/api.w.org\/{rel}","templated":true}]}}

<p>Double room with shower, towels, soap dispenser, fridge, safe, sheets, Wi-Fi, bathroom with shower and heating. Room with exit overlooking Plaça Major de Tous.</p>
<p>With the reservation you will have the possibility and free access to the common areas of the house such as the recreation rooms, the museum exhibition and the entire area of La Fou including the swimming pool, the terrace and the kitchen where you will find a small refreshment. Access to the sauna must be arranged.</p>
<p>L&#8217;habitació pot reservar-se amb  un bressol per a un nadó de menys de 10kg amb un cost de 25€.</p>
<p>For families with children, we recommend the Sol de Tous bedroom + the Torrent Cavaller bedroom.</p>
<p><em>&quot;Mare de Déu de Sentfores is a religious building protected as a cultural asset of local interest. With almost seven centuries of history, it has been a point of devotion for the inhabitants of the town of Tous and nearby municipalities. The legend says that the construction of the hermitage was due to the stubbornness of the Virgin of Sentfores, found by a shepherd, to remain on that mountain...&quot;</em></p>
<p><em>*Les mascotes tenen un cost de 30€+IVA per mascota. En cas de més d&#8217;una mascota siusplau contacteu amb la casa.</em></p>

<!-- This site is optimized with the Yoast SEO plugin v27.4 - https://yoast.com/product/yoast-seo-wordpress/ -->
<title>Sentfores - Cal Fuster de la plaça</title>
<meta name="robots" content="index, follow, max-snippet:-1, max-image-preview:large, max-video-preview:-1" />
<link rel="canonical" href="https://www.calfusterdetous.com/eng/accommodation/sentfores/" />
<meta property="og:locale" content="en_GB" />
<meta property="og:type" content="article" />
<meta property="og:title" content="Sentfores - Cal Fuster de la plaça" />
<meta property="og:description" content="Habitació doble amb dutxa, tovalloles, panera de sabonets, nevera, caixa forta, llençols, Wifi, bany amb dutxa i calefacció." />
<meta property="og:url" content="https://www.calfusterdetous.com/eng/accommodation/sentfores/" />
<meta property="og:site_name" content="Cal Fuster de la plaça" />
<meta property="article:modified_time" content="2024-11-15T10:36:42+00:00" />
<meta property="og:image" content="https://www.calfusterdetous.com/wp-content/uploads/2018/09/sentfores-PRAL.jpg" />
	<meta property="og:image:width" content="1920" />
	<meta property="og:image:height" content="1321" />
	<meta property="og:image:type" content="image/jpeg" />
<meta name="twitter:card" content="summary_large_image" />
<meta name="twitter:label1" content="Estimated reading time" />
	<meta name="twitter:data1" content="1 minute" />
<script type="application/ld+json" class="yoast-schema-graph">{"@context":"https:\/\/schema.org","@graph":[{"@type":"WebPage","@id":"https:\/\/www.calfusterdetous.com\/accommodation\/sentfores\/","url":"https:\/\/www.calfusterdetous.com\/accommodation\/sentfores\/","name":"Sentfores - Cal Fuster de la plaça","isPartOf":{"@id":"https:\/\/www.calfusterdetous.com\/#website"},"primaryImageOfPage":{"@id":"https:\/\/www.calfusterdetous.com\/accommodation\/sentfores\/#primaryimage"},"image":{"@id":"https:\/\/www.calfusterdetous.com\/accommodation\/sentfores\/#primaryimage"},"thumbnailUrl":"https:\/\/www.calfusterdetous.com\/wp-content\/uploads\/2018\/09\/sentfores-PRAL.jpg","datePublished":"2018-09-20T05:16:55+00:00","dateModified":"2024-11-15T10:36:42+00:00","breadcrumb":{"@id":"https:\/\/www.calfusterdetous.com\/accommodation\/sentfores\/#breadcrumb"},"inLanguage":"en-GB","potentialAction":[{"@type":"ReadAction","target":["https:\/\/www.calfusterdetous.com\/accommodation\/sentfores\/"]}]},{"@type":"ImageObject","inLanguage":"en-GB","@id":"https:\/\/www.calfusterdetous.com\/accommodation\/sentfores\/#primaryimage","url":"https:\/\/www.calfusterdetous.com\/wp-content\/uploads\/2018\/09\/sentfores-PRAL.jpg","contentUrl":"https:\/\/www.calfusterdetous.com\/wp-content\/uploads\/2018\/09\/sentfores-PRAL.jpg","width":1920,"height":1321},{"@type":"BreadcrumbList","@id":"https:\/\/www.calfusterdetous.com\/accommodation\/sentfores\/#breadcrumb","itemListElement":[{"@type":"ListItem","position":1,"name":"Portada","item":"https:\/\/www.calfusterdetous.com\/"},{"@type":"ListItem","position":2,"name":"Tipos de alojamientos","item":"https:\/\/www.calfusterdetous.com\/accommodation\/"},{"@type":"ListItem","position":3,"name":"Sentfores"}]},{"@type":"WebSite","@id":"https:\/\/www.calfusterdetous.com\/#website","url":"https:\/\/www.calfusterdetous.com\/","name":"Cal Fuster de la plaça","description":"Es una acogedora casa rural en Sant Martí de Tous, ofreciendo cinco habitaciones únicas y espacios comunes llenos de historia y leyendas locales. ","publisher":{"@id":"https:\/\/www.calfusterdetous.com\/#organization"},"potentialAction":[{"@type":"SearchAction","target":{"@type":"EntryPoint","urlTemplate":"https:\/\/www.calfusterdetous.com\/?s={search_term_string}"},"query-input":{"@type":"PropertyValueSpecification","valueRequired":true,"valueName":"search_term_string"}}],"inLanguage":"en-GB"},{"@type":"Organization","@id":"https:\/\/www.calfusterdetous.com\/#organization","name":"Cal Fuster de la plaça","url":"https:\/\/www.calfusterdetous.com\/","logo":{"@type":"ImageObject","inLanguage":"en-GB","@id":"https:\/\/www.calfusterdetous.com\/#\/schema\/logo\/image\/","url":"https:\/\/www.calfusterdetous.com\/wp-content\/uploads\/2020\/04\/Recurso-2@2x.png","contentUrl":"https:\/\/www.calfusterdetous.com\/wp-content\/uploads\/2020\/04\/Recurso-2@2x.png","width":441,"height":171,"caption":"Cal Fuster de la plaça"},"image":{"@id":"https:\/\/www.calfusterdetous.com\/#\/schema\/logo\/image\/"}}]}</script>
<!-- / Yoast SEO plugin. -->

Sentfores - Cal Fuster de la plaça

Habitació doble amb dutxa, tovalloles, panera de sabonets, nevera, caixa forta, llençols, Wifi, bany amb dutxa i calefacció.

Cal Fuster de la plaça

Es una acogedora casa rural en Sant Martí de Tous, ofreciendo cinco habitaciones únicas y espacios comunes llenos de historia y leyendas locales.
