{"id":23,"date":"2018-09-20T04:13:01","date_gmt":"2018-09-20T04:13:01","guid":{"rendered":"http:\/\/themes.themegoods.com\/hoteller\/cultural\/?post_type=mphb_room_type&#038;p=23"},"modified":"2024-11-15T10:37:11","modified_gmt":"2024-11-15T10:37:11","slug":"cervola-blanca","status":"publish","type":"mphb_room_type","link":"https:\/\/www.calfusterdetous.com\/eng\/accommodation\/cervola-blanca\/","title":{"rendered":"C\u00e8rvola Blanca"},"content":{"rendered":"<p>Double room with a bathtub, towels, soap dispenser, fridge, safe, sheets, Wi-Fi, bathroom with shower, air conditioning and heating. Bright bedroom with balcony overlooking the mountain and the old town of Sant Mart\u00ed.<\/p>\n<p>With the reservation you will have the possibility and free access to the common areas of the house such as the recreation rooms, the museum exhibition and the entire area of La Fou including the swimming pool, the terrace and the kitchen where you will find a small refreshment. Access to the sauna must be arranged.<\/p>\n<p>L&#8217;habitaci\u00f3 pot reservar-se amb un llit supletori \u00a0amb un cost extra de 41\u20ac (esmorzar incl\u00f2s), o hi ha la possibilitat de demanar un bressol per a un nad\u00f3* \u00a0amb un cost extra de 25\u20ac.<br \/>\n*Cal especificar si \u00e9s un nad\u00f3 de menys de 10kg o un nen de m\u00e9s de 10kg.<\/p>\n<p>For families with children, we recommend the Sol de Tous bedroom + the Torrent Cavaller bedroom.<\/p>\n<p><em>&quot;The feudal lords lived in the castle of Tous and they had no children. One day, on a hunt, being in La Fou, they saw the silhouette of a white deer among the grass, but it ran away. Once the gentleman was able to corner her and when he thought he had her he found a sweet creature and called her a daughter. She was the attraction of the young nobles of the neighborhood but she shunned them saying that she would only marry the gallant who managed to hunt the White Deer...&quot;<\/em><\/p>\n<p><em>*Les mascotes tenen un cost de 30\u20ac+IVA per mascota. En cas de m\u00e9s d&#8217;una mascota siusplau contacteu amb la casa.<\/em><\/p>","protected":false},"excerpt":{"rendered":"<p>Double room with a bathtub, towels, soap dispenser, fridge, safe, sheets, Wi-Fi, bathroom with shower, air conditioning and heating.<\/p>","protected":false},"featured_media":25700,"menu_order":0,"comment_status":"closed","ping_status":"closed","template":"","mphb_room_type_category":[230],"mphb_room_type_tag":[],"mphb_room_type_facility":[233,232,234,227,221],"class_list":["post-23","mphb_room_type","type-mphb_room_type","status-publish","has-post-thumbnail","hentry","mphb_room_type_category-standard-rooms","mphb_room_type_facility-aire-acondicionat","mphb_room_type_facility-calefaccio","mphb_room_type_facility-neteja","mphb_room_type_facility-tovalloles-llencols","mphb_room_type_facility-wifi","mphb-room-type-adults-2","mphb-room-type-children-0","has-taxes-and-fees"],"yoast_head":"<!-- This site is optimized with the Yoast SEO plugin v27.4 - https:\/\/yoast.com\/product\/yoast-seo-wordpress\/ -->\n<title>C\u00e8rvola Blanca - Cal Fuster de la pla\u00e7a<\/title>\n<meta name=\"robots\" content=\"index, follow, max-snippet:-1, max-image-preview:large, max-video-preview:-1\" \/>\n<link rel=\"canonical\" href=\"https:\/\/www.calfusterdetous.com\/eng\/accommodation\/cervola-blanca\/\" \/>\n<meta property=\"og:locale\" content=\"en_GB\" \/>\n<meta property=\"og:type\" content=\"article\" \/>\n<meta property=\"og:title\" content=\"C\u00e8rvola Blanca - Cal Fuster de la pla\u00e7a\" \/>\n<meta property=\"og:description\" content=\"Habitaci\u00f3 doble amb una banyera, tovalloles, panera de sabonets, nevera, caixa forta, llen\u00e7ols, Wifi, bany amb dutxa, aire acondicionat i calefacci\u00f3.\" \/>\n<meta property=\"og:url\" content=\"https:\/\/www.calfusterdetous.com\/eng\/accommodation\/cervola-blanca\/\" \/>\n<meta property=\"og:site_name\" content=\"Cal Fuster de la pla\u00e7a\" \/>\n<meta property=\"article:modified_time\" content=\"2024-11-15T10:37:11+00:00\" \/>\n<meta property=\"og:image\" content=\"https:\/\/www.calfusterdetous.com\/wp-content\/uploads\/2018\/09\/cervola-PRAL.jpg\" \/>\n\t<meta property=\"og:image:width\" content=\"1920\" \/>\n\t<meta property=\"og:image:height\" content=\"1054\" \/>\n\t<meta property=\"og:image:type\" content=\"image\/jpeg\" \/>\n<meta name=\"twitter:card\" content=\"summary_large_image\" \/>\n<meta name=\"twitter:label1\" content=\"Estimated reading time\" \/>\n\t<meta name=\"twitter:data1\" content=\"1 minute\" \/>\n<script type=\"application\/ld+json\" class=\"yoast-schema-graph\">{\"@context\":\"https:\\\/\\\/schema.org\",\"@graph\":[{\"@type\":\"WebPage\",\"@id\":\"https:\\\/\\\/www.calfusterdetous.com\\\/accommodation\\\/cervola-blanca\\\/\",\"url\":\"https:\\\/\\\/www.calfusterdetous.com\\\/accommodation\\\/cervola-blanca\\\/\",\"name\":\"C\u00e8rvola Blanca - Cal Fuster de la pla\u00e7a\",\"isPartOf\":{\"@id\":\"https:\\\/\\\/www.calfusterdetous.com\\\/#website\"},\"primaryImageOfPage\":{\"@id\":\"https:\\\/\\\/www.calfusterdetous.com\\\/accommodation\\\/cervola-blanca\\\/#primaryimage\"},\"image\":{\"@id\":\"https:\\\/\\\/www.calfusterdetous.com\\\/accommodation\\\/cervola-blanca\\\/#primaryimage\"},\"thumbnailUrl\":\"https:\\\/\\\/www.calfusterdetous.com\\\/wp-content\\\/uploads\\\/2018\\\/09\\\/cervola-PRAL.jpg\",\"datePublished\":\"2018-09-20T04:13:01+00:00\",\"dateModified\":\"2024-11-15T10:37:11+00:00\",\"breadcrumb\":{\"@id\":\"https:\\\/\\\/www.calfusterdetous.com\\\/accommodation\\\/cervola-blanca\\\/#breadcrumb\"},\"inLanguage\":\"en-GB\",\"potentialAction\":[{\"@type\":\"ReadAction\",\"target\":[\"https:\\\/\\\/www.calfusterdetous.com\\\/accommodation\\\/cervola-blanca\\\/\"]}]},{\"@type\":\"ImageObject\",\"inLanguage\":\"en-GB\",\"@id\":\"https:\\\/\\\/www.calfusterdetous.com\\\/accommodation\\\/cervola-blanca\\\/#primaryimage\",\"url\":\"https:\\\/\\\/www.calfusterdetous.com\\\/wp-content\\\/uploads\\\/2018\\\/09\\\/cervola-PRAL.jpg\",\"contentUrl\":\"https:\\\/\\\/www.calfusterdetous.com\\\/wp-content\\\/uploads\\\/2018\\\/09\\\/cervola-PRAL.jpg\",\"width\":1920,\"height\":1054},{\"@type\":\"BreadcrumbList\",\"@id\":\"https:\\\/\\\/www.calfusterdetous.com\\\/accommodation\\\/cervola-blanca\\\/#breadcrumb\",\"itemListElement\":[{\"@type\":\"ListItem\",\"position\":1,\"name\":\"Portada\",\"item\":\"https:\\\/\\\/www.calfusterdetous.com\\\/\"},{\"@type\":\"ListItem\",\"position\":2,\"name\":\"Tipos de alojamientos\",\"item\":\"https:\\\/\\\/www.calfusterdetous.com\\\/accommodation\\\/\"},{\"@type\":\"ListItem\",\"position\":3,\"name\":\"C\u00e8rvola Blanca\"}]},{\"@type\":\"WebSite\",\"@id\":\"https:\\\/\\\/www.calfusterdetous.com\\\/#website\",\"url\":\"https:\\\/\\\/www.calfusterdetous.com\\\/\",\"name\":\"Cal Fuster de la pla\u00e7a\",\"description\":\"Es una acogedora casa rural en Sant Mart\u00ed de Tous, ofreciendo cinco habitaciones \u00fanicas y espacios comunes llenos de historia y leyendas locales. \",\"publisher\":{\"@id\":\"https:\\\/\\\/www.calfusterdetous.com\\\/#organization\"},\"potentialAction\":[{\"@type\":\"SearchAction\",\"target\":{\"@type\":\"EntryPoint\",\"urlTemplate\":\"https:\\\/\\\/www.calfusterdetous.com\\\/?s={search_term_string}\"},\"query-input\":{\"@type\":\"PropertyValueSpecification\",\"valueRequired\":true,\"valueName\":\"search_term_string\"}}],\"inLanguage\":\"en-GB\"},{\"@type\":\"Organization\",\"@id\":\"https:\\\/\\\/www.calfusterdetous.com\\\/#organization\",\"name\":\"Cal Fuster de la pla\u00e7a\",\"url\":\"https:\\\/\\\/www.calfusterdetous.com\\\/\",\"logo\":{\"@type\":\"ImageObject\",\"inLanguage\":\"en-GB\",\"@id\":\"https:\\\/\\\/www.calfusterdetous.com\\\/#\\\/schema\\\/logo\\\/image\\\/\",\"url\":\"https:\\\/\\\/www.calfusterdetous.com\\\/wp-content\\\/uploads\\\/2020\\\/04\\\/Recurso-2@2x.png\",\"contentUrl\":\"https:\\\/\\\/www.calfusterdetous.com\\\/wp-content\\\/uploads\\\/2020\\\/04\\\/Recurso-2@2x.png\",\"width\":441,\"height\":171,\"caption\":\"Cal Fuster de la pla\u00e7a\"},\"image\":{\"@id\":\"https:\\\/\\\/www.calfusterdetous.com\\\/#\\\/schema\\\/logo\\\/image\\\/\"}}]}<\/script>\n<!-- \/ Yoast SEO plugin. -->","yoast_head_json":{"title":"C\u00e8rvola Blanca - Cal Fuster de la pla\u00e7a","robots":{"index":"index","follow":"follow","max-snippet":"max-snippet:-1","max-image-preview":"max-image-preview:large","max-video-preview":"max-video-preview:-1"},"canonical":"https:\/\/www.calfusterdetous.com\/eng\/accommodation\/cervola-blanca\/","og_locale":"en_GB","og_type":"article","og_title":"C\u00e8rvola Blanca - Cal Fuster de la pla\u00e7a","og_description":"Habitaci\u00f3 doble amb una banyera, tovalloles, panera de sabonets, nevera, caixa forta, llen\u00e7ols, Wifi, bany amb dutxa, aire acondicionat i calefacci\u00f3.","og_url":"https:\/\/www.calfusterdetous.com\/eng\/accommodation\/cervola-blanca\/","og_site_name":"Cal Fuster de la pla\u00e7a","article_modified_time":"2024-11-15T10:37:11+00:00","og_image":[{"width":1920,"height":1054,"url":"https:\/\/www.calfusterdetous.com\/wp-content\/uploads\/2018\/09\/cervola-PRAL.jpg","type":"image\/jpeg"}],"twitter_card":"summary_large_image","twitter_misc":{"Estimated reading time":"1 minute"},"schema":{"@context":"https:\/\/schema.org","@graph":[{"@type":"WebPage","@id":"https:\/\/www.calfusterdetous.com\/accommodation\/cervola-blanca\/","url":"https:\/\/www.calfusterdetous.com\/accommodation\/cervola-blanca\/","name":"C\u00e8rvola Blanca - Cal Fuster de la pla\u00e7a","isPartOf":{"@id":"https:\/\/www.calfusterdetous.com\/#website"},"primaryImageOfPage":{"@id":"https:\/\/www.calfusterdetous.com\/accommodation\/cervola-blanca\/#primaryimage"},"image":{"@id":"https:\/\/www.calfusterdetous.com\/accommodation\/cervola-blanca\/#primaryimage"},"thumbnailUrl":"https:\/\/www.calfusterdetous.com\/wp-content\/uploads\/2018\/09\/cervola-PRAL.jpg","datePublished":"2018-09-20T04:13:01+00:00","dateModified":"2024-11-15T10:37:11+00:00","breadcrumb":{"@id":"https:\/\/www.calfusterdetous.com\/accommodation\/cervola-blanca\/#breadcrumb"},"inLanguage":"en-GB","potentialAction":[{"@type":"ReadAction","target":["https:\/\/www.calfusterdetous.com\/accommodation\/cervola-blanca\/"]}]},{"@type":"ImageObject","inLanguage":"en-GB","@id":"https:\/\/www.calfusterdetous.com\/accommodation\/cervola-blanca\/#primaryimage","url":"https:\/\/www.calfusterdetous.com\/wp-content\/uploads\/2018\/09\/cervola-PRAL.jpg","contentUrl":"https:\/\/www.calfusterdetous.com\/wp-content\/uploads\/2018\/09\/cervola-PRAL.jpg","width":1920,"height":1054},{"@type":"BreadcrumbList","@id":"https:\/\/www.calfusterdetous.com\/accommodation\/cervola-blanca\/#breadcrumb","itemListElement":[{"@type":"ListItem","position":1,"name":"Portada","item":"https:\/\/www.calfusterdetous.com\/"},{"@type":"ListItem","position":2,"name":"Tipos de alojamientos","item":"https:\/\/www.calfusterdetous.com\/accommodation\/"},{"@type":"ListItem","position":3,"name":"C\u00e8rvola Blanca"}]},{"@type":"WebSite","@id":"https:\/\/www.calfusterdetous.com\/#website","url":"https:\/\/www.calfusterdetous.com\/","name":"Carpenter of the square is needed","description":"Es una acogedora casa rural en Sant Mart\u00ed de Tous, ofreciendo cinco habitaciones \u00fanicas y espacios comunes llenos de historia y leyendas locales.","publisher":{"@id":"https:\/\/www.calfusterdetous.com\/#organization"},"potentialAction":[{"@type":"SearchAction","target":{"@type":"EntryPoint","urlTemplate":"https:\/\/www.calfusterdetous.com\/?s={search_term_string}"},"query-input":{"@type":"PropertyValueSpecification","valueRequired":true,"valueName":"search_term_string"}}],"inLanguage":"en-GB"},{"@type":"Organization","@id":"https:\/\/www.calfusterdetous.com\/#organization","name":"Carpenter of the square is needed","url":"https:\/\/www.calfusterdetous.com\/","logo":{"@type":"ImageObject","inLanguage":"en-GB","@id":"https:\/\/www.calfusterdetous.com\/#\/schema\/logo\/image\/","url":"https:\/\/www.calfusterdetous.com\/wp-content\/uploads\/2020\/04\/Recurso-2@2x.png","contentUrl":"https:\/\/www.calfusterdetous.com\/wp-content\/uploads\/2020\/04\/Recurso-2@2x.png","width":441,"height":171,"caption":"Cal Fuster de la pla\u00e7a"},"image":{"@id":"https:\/\/www.calfusterdetous.com\/#\/schema\/logo\/image\/"}}]}},"_links":{"self":[{"href":"https:\/\/www.calfusterdetous.com\/eng\/wp-json\/wp\/v2\/mphb_room_type\/23","targetHints":{"allow":["GET"]}}],"collection":[{"href":"https:\/\/www.calfusterdetous.com\/eng\/wp-json\/wp\/v2\/mphb_room_type"}],"about":[{"href":"https:\/\/www.calfusterdetous.com\/eng\/wp-json\/wp\/v2\/types\/mphb_room_type"}],"replies":[{"embeddable":true,"href":"https:\/\/www.calfusterdetous.com\/eng\/wp-json\/wp\/v2\/comments?post=23"}],"wp:featuredmedia":[{"embeddable":true,"href":"https:\/\/www.calfusterdetous.com\/eng\/wp-json\/wp\/v2\/media\/25700"}],"wp:attachment":[{"href":"https:\/\/www.calfusterdetous.com\/eng\/wp-json\/wp\/v2\/media?parent=23"}],"wp:term":[{"taxonomy":"mphb_room_type_category","embeddable":true,"href":"https:\/\/www.calfusterdetous.com\/eng\/wp-json\/wp\/v2\/mphb_room_type_category?post=23"},{"taxonomy":"mphb_room_type_tag","embeddable":true,"href":"https:\/\/www.calfusterdetous.com\/eng\/wp-json\/wp\/v2\/mphb_room_type_tag?post=23"},{"taxonomy":"mphb_room_type_facility","embeddable":true,"href":"https:\/\/www.calfusterdetous.com\/eng\/wp-json\/wp\/v2\/mphb_room_type_facility?post=23"}],"curies":[{"name":"wp","href":"https:\/\/api.w.org\/{rel}","templated":true}]}}

Cèrvola Blanca

<p>Double room with a bathtub, towels, soap dispenser, fridge, safe, sheets, Wi-Fi, bathroom with shower, air conditioning and heating. Bright bedroom with balcony overlooking the mountain and the old town of Sant Martí.</p>
<p>With the reservation you will have the possibility and free access to the common areas of the house such as the recreation rooms, the museum exhibition and the entire area of La Fou including the swimming pool, the terrace and the kitchen where you will find a small refreshment. Access to the sauna must be arranged.</p>
<p>L&#8217;habitació pot reservar-se amb un llit supletori  amb un cost extra de 41€ (esmorzar inclòs), o hi ha la possibilitat de demanar un bressol per a un nadó*  amb un cost extra de 25€.<br />
*Cal especificar si és un nadó de menys de 10kg o un nen de més de 10kg.</p>
<p>For families with children, we recommend the Sol de Tous bedroom + the Torrent Cavaller bedroom.</p>
<p><em>&quot;The feudal lords lived in the castle of Tous and they had no children. One day, on a hunt, being in La Fou, they saw the silhouette of a white deer among the grass, but it ran away. Once the gentleman was able to corner her and when he thought he had her he found a sweet creature and called her a daughter. She was the attraction of the young nobles of the neighborhood but she shunned them saying that she would only marry the gallant who managed to hunt the White Deer...&quot;</em></p>
<p><em>*Les mascotes tenen un cost de 30€+IVA per mascota. En cas de més d&#8217;una mascota siusplau contacteu amb la casa.</em></p>

<!-- This site is optimized with the Yoast SEO plugin v27.4 - https://yoast.com/product/yoast-seo-wordpress/ -->
<title>Cèrvola Blanca - Cal Fuster de la plaça</title>
<meta name="robots" content="index, follow, max-snippet:-1, max-image-preview:large, max-video-preview:-1" />
<link rel="canonical" href="https://www.calfusterdetous.com/eng/accommodation/cervola-blanca/" />
<meta property="og:locale" content="en_GB" />
<meta property="og:type" content="article" />
<meta property="og:title" content="Cèrvola Blanca - Cal Fuster de la plaça" />
<meta property="og:description" content="Habitació doble amb una banyera, tovalloles, panera de sabonets, nevera, caixa forta, llençols, Wifi, bany amb dutxa, aire acondicionat i calefacció." />
<meta property="og:url" content="https://www.calfusterdetous.com/eng/accommodation/cervola-blanca/" />
<meta property="og:site_name" content="Cal Fuster de la plaça" />
<meta property="article:modified_time" content="2024-11-15T10:37:11+00:00" />
<meta property="og:image" content="https://www.calfusterdetous.com/wp-content/uploads/2018/09/cervola-PRAL.jpg" />
	<meta property="og:image:width" content="1920" />
	<meta property="og:image:height" content="1054" />
	<meta property="og:image:type" content="image/jpeg" />
<meta name="twitter:card" content="summary_large_image" />
<meta name="twitter:label1" content="Estimated reading time" />
	<meta name="twitter:data1" content="1 minute" />
<script type="application/ld+json" class="yoast-schema-graph">{"@context":"https:\/\/schema.org","@graph":[{"@type":"WebPage","@id":"https:\/\/www.calfusterdetous.com\/accommodation\/cervola-blanca\/","url":"https:\/\/www.calfusterdetous.com\/accommodation\/cervola-blanca\/","name":"Cèrvola Blanca - Cal Fuster de la plaça","isPartOf":{"@id":"https:\/\/www.calfusterdetous.com\/#website"},"primaryImageOfPage":{"@id":"https:\/\/www.calfusterdetous.com\/accommodation\/cervola-blanca\/#primaryimage"},"image":{"@id":"https:\/\/www.calfusterdetous.com\/accommodation\/cervola-blanca\/#primaryimage"},"thumbnailUrl":"https:\/\/www.calfusterdetous.com\/wp-content\/uploads\/2018\/09\/cervola-PRAL.jpg","datePublished":"2018-09-20T04:13:01+00:00","dateModified":"2024-11-15T10:37:11+00:00","breadcrumb":{"@id":"https:\/\/www.calfusterdetous.com\/accommodation\/cervola-blanca\/#breadcrumb"},"inLanguage":"en-GB","potentialAction":[{"@type":"ReadAction","target":["https:\/\/www.calfusterdetous.com\/accommodation\/cervola-blanca\/"]}]},{"@type":"ImageObject","inLanguage":"en-GB","@id":"https:\/\/www.calfusterdetous.com\/accommodation\/cervola-blanca\/#primaryimage","url":"https:\/\/www.calfusterdetous.com\/wp-content\/uploads\/2018\/09\/cervola-PRAL.jpg","contentUrl":"https:\/\/www.calfusterdetous.com\/wp-content\/uploads\/2018\/09\/cervola-PRAL.jpg","width":1920,"height":1054},{"@type":"BreadcrumbList","@id":"https:\/\/www.calfusterdetous.com\/accommodation\/cervola-blanca\/#breadcrumb","itemListElement":[{"@type":"ListItem","position":1,"name":"Portada","item":"https:\/\/www.calfusterdetous.com\/"},{"@type":"ListItem","position":2,"name":"Tipos de alojamientos","item":"https:\/\/www.calfusterdetous.com\/accommodation\/"},{"@type":"ListItem","position":3,"name":"Cèrvola Blanca"}]},{"@type":"WebSite","@id":"https:\/\/www.calfusterdetous.com\/#website","url":"https:\/\/www.calfusterdetous.com\/","name":"Cal Fuster de la plaça","description":"Es una acogedora casa rural en Sant Martí de Tous, ofreciendo cinco habitaciones únicas y espacios comunes llenos de historia y leyendas locales. ","publisher":{"@id":"https:\/\/www.calfusterdetous.com\/#organization"},"potentialAction":[{"@type":"SearchAction","target":{"@type":"EntryPoint","urlTemplate":"https:\/\/www.calfusterdetous.com\/?s={search_term_string}"},"query-input":{"@type":"PropertyValueSpecification","valueRequired":true,"valueName":"search_term_string"}}],"inLanguage":"en-GB"},{"@type":"Organization","@id":"https:\/\/www.calfusterdetous.com\/#organization","name":"Cal Fuster de la plaça","url":"https:\/\/www.calfusterdetous.com\/","logo":{"@type":"ImageObject","inLanguage":"en-GB","@id":"https:\/\/www.calfusterdetous.com\/#\/schema\/logo\/image\/","url":"https:\/\/www.calfusterdetous.com\/wp-content\/uploads\/2020\/04\/Recurso-2@2x.png","contentUrl":"https:\/\/www.calfusterdetous.com\/wp-content\/uploads\/2020\/04\/Recurso-2@2x.png","width":441,"height":171,"caption":"Cal Fuster de la plaça"},"image":{"@id":"https:\/\/www.calfusterdetous.com\/#\/schema\/logo\/image\/"}}]}</script>
<!-- / Yoast SEO plugin. -->

Cèrvola Blanca - Cal Fuster de la plaça

Habitació doble amb una banyera, tovalloles, panera de sabonets, nevera, caixa forta, llençols, Wifi, bany amb dutxa, aire acondicionat i calefacció.

Cal Fuster de la plaça

Es una acogedora casa rural en Sant Martí de Tous, ofreciendo cinco habitaciones únicas y espacios comunes llenos de historia y leyendas locales.
