{"id":96,"date":"2018-09-20T05:25:13","date_gmt":"2018-09-20T05:25:13","guid":{"rendered":"http:\/\/themes.themegoods.com\/hoteller\/cultural\/?post_type=mphb_room_type&#038;p=96"},"modified":"2024-11-15T10:36:13","modified_gmt":"2024-11-15T10:36:13","slug":"soldetous","status":"publish","type":"mphb_room_type","link":"https:\/\/www.calfusterdetous.com\/eng\/accommodation\/soldetous\/","title":{"rendered":"Sol de Tous"},"content":{"rendered":"<p>Double room with bathroom with shower, towels, soap dispenser, fridge, safe, sheets, Wi-Fi and heating.<br \/>\nThis room has the possibility of sharing with the Torrent Cavaller room with two beds and a shared bathroom. Very bright room with views of the old main square of Sant Mart\u00ed.<\/p>\n<p>With the reservation you will have the possibility and free access to the common areas of the house such as the recreation rooms, the museum exhibition and the entire area of La Fou including the swimming pool, the terrace and the kitchen where you will find a small refreshment. Access to the sauna must be arranged.<\/p>\n<p><em>&quot;El Sol de Tous&quot; was published for the first time on November 8, 1914. The young Camil Riba i Compte, without knowing how to read or write, lover of the culture and events of the time, managed to edit the newspaper &quot; Everyone&#039;s Sun&quot;. Thus, under the heading of the newspaper it could be read &quot;Monthly periodical, defender of the interests of the town and its comarca&quot;. And on its pages there were news and curiosities not only from Tous but also from the neighboring towns...&quot;<\/em><\/p>\n<p><em>*Les mascotes tenen un cost de 30\u20ac+IVA per mascota. En cas de m\u00e9s d&#8217;una mascota siusplau contacteu amb la casa.<\/em><\/p>","protected":false},"excerpt":{"rendered":"<p>Double room with bathroom with shower, towels, soap dispenser, fridge, safe, sheets, Wi-Fi and heating.<\/p>","protected":false},"featured_media":25694,"menu_order":0,"comment_status":"closed","ping_status":"closed","template":"","mphb_room_type_category":[230],"mphb_room_type_tag":[],"mphb_room_type_facility":[233,232,234,227,221],"class_list":["post-96","mphb_room_type","type-mphb_room_type","status-publish","has-post-thumbnail","hentry","mphb_room_type_category-standard-rooms","mphb_room_type_facility-aire-acondicionat","mphb_room_type_facility-calefaccio","mphb_room_type_facility-neteja","mphb_room_type_facility-tovalloles-llencols","mphb_room_type_facility-wifi","mphb-room-type-adults-2","mphb-room-type-children-0","has-taxes-and-fees"],"yoast_head":"<!-- This site is optimized with the Yoast SEO plugin v27.4 - https:\/\/yoast.com\/product\/yoast-seo-wordpress\/ -->\n<title>Sol de Tous - Cal Fuster de la pla\u00e7a<\/title>\n<meta name=\"robots\" content=\"index, follow, max-snippet:-1, max-image-preview:large, max-video-preview:-1\" \/>\n<link rel=\"canonical\" href=\"https:\/\/www.calfusterdetous.com\/eng\/accommodation\/soldetous\/\" \/>\n<meta property=\"og:locale\" content=\"en_GB\" \/>\n<meta property=\"og:type\" content=\"article\" \/>\n<meta property=\"og:title\" content=\"Sol de Tous - Cal Fuster de la pla\u00e7a\" \/>\n<meta property=\"og:description\" content=\"Habitaci\u00f3 doble amb bany amb dutxa, tovalloles, panera de sabonets, nevera, caixa forta, llen\u00e7ols, Wifi i calefacci\u00f3.\" \/>\n<meta property=\"og:url\" content=\"https:\/\/www.calfusterdetous.com\/eng\/accommodation\/soldetous\/\" \/>\n<meta property=\"og:site_name\" content=\"Cal Fuster de la pla\u00e7a\" \/>\n<meta property=\"article:modified_time\" content=\"2024-11-15T10:36:13+00:00\" \/>\n<meta property=\"og:image\" content=\"https:\/\/www.calfusterdetous.com\/wp-content\/uploads\/2018\/09\/sol-PRAL.jpg\" \/>\n\t<meta property=\"og:image:width\" content=\"1920\" \/>\n\t<meta property=\"og:image:height\" content=\"1500\" \/>\n\t<meta property=\"og:image:type\" content=\"image\/jpeg\" \/>\n<meta name=\"twitter:card\" content=\"summary_large_image\" \/>\n<meta name=\"twitter:label1\" content=\"Estimated reading time\" \/>\n\t<meta name=\"twitter:data1\" content=\"1 minute\" \/>\n<script type=\"application\/ld+json\" class=\"yoast-schema-graph\">{\"@context\":\"https:\\\/\\\/schema.org\",\"@graph\":[{\"@type\":\"WebPage\",\"@id\":\"https:\\\/\\\/www.calfusterdetous.com\\\/accommodation\\\/soldetous\\\/\",\"url\":\"https:\\\/\\\/www.calfusterdetous.com\\\/accommodation\\\/soldetous\\\/\",\"name\":\"Sol de Tous - Cal Fuster de la pla\u00e7a\",\"isPartOf\":{\"@id\":\"https:\\\/\\\/www.calfusterdetous.com\\\/#website\"},\"primaryImageOfPage\":{\"@id\":\"https:\\\/\\\/www.calfusterdetous.com\\\/accommodation\\\/soldetous\\\/#primaryimage\"},\"image\":{\"@id\":\"https:\\\/\\\/www.calfusterdetous.com\\\/accommodation\\\/soldetous\\\/#primaryimage\"},\"thumbnailUrl\":\"https:\\\/\\\/www.calfusterdetous.com\\\/wp-content\\\/uploads\\\/2018\\\/09\\\/sol-PRAL.jpg\",\"datePublished\":\"2018-09-20T05:25:13+00:00\",\"dateModified\":\"2024-11-15T10:36:13+00:00\",\"breadcrumb\":{\"@id\":\"https:\\\/\\\/www.calfusterdetous.com\\\/accommodation\\\/soldetous\\\/#breadcrumb\"},\"inLanguage\":\"en-GB\",\"potentialAction\":[{\"@type\":\"ReadAction\",\"target\":[\"https:\\\/\\\/www.calfusterdetous.com\\\/accommodation\\\/soldetous\\\/\"]}]},{\"@type\":\"ImageObject\",\"inLanguage\":\"en-GB\",\"@id\":\"https:\\\/\\\/www.calfusterdetous.com\\\/accommodation\\\/soldetous\\\/#primaryimage\",\"url\":\"https:\\\/\\\/www.calfusterdetous.com\\\/wp-content\\\/uploads\\\/2018\\\/09\\\/sol-PRAL.jpg\",\"contentUrl\":\"https:\\\/\\\/www.calfusterdetous.com\\\/wp-content\\\/uploads\\\/2018\\\/09\\\/sol-PRAL.jpg\",\"width\":1920,\"height\":1500},{\"@type\":\"BreadcrumbList\",\"@id\":\"https:\\\/\\\/www.calfusterdetous.com\\\/accommodation\\\/soldetous\\\/#breadcrumb\",\"itemListElement\":[{\"@type\":\"ListItem\",\"position\":1,\"name\":\"Portada\",\"item\":\"https:\\\/\\\/www.calfusterdetous.com\\\/\"},{\"@type\":\"ListItem\",\"position\":2,\"name\":\"Tipos de alojamientos\",\"item\":\"https:\\\/\\\/www.calfusterdetous.com\\\/accommodation\\\/\"},{\"@type\":\"ListItem\",\"position\":3,\"name\":\"Sol de Tous\"}]},{\"@type\":\"WebSite\",\"@id\":\"https:\\\/\\\/www.calfusterdetous.com\\\/#website\",\"url\":\"https:\\\/\\\/www.calfusterdetous.com\\\/\",\"name\":\"Cal Fuster de la pla\u00e7a\",\"description\":\"Es una acogedora casa rural en Sant Mart\u00ed de Tous, ofreciendo cinco habitaciones \u00fanicas y espacios comunes llenos de historia y leyendas locales. \",\"publisher\":{\"@id\":\"https:\\\/\\\/www.calfusterdetous.com\\\/#organization\"},\"potentialAction\":[{\"@type\":\"SearchAction\",\"target\":{\"@type\":\"EntryPoint\",\"urlTemplate\":\"https:\\\/\\\/www.calfusterdetous.com\\\/?s={search_term_string}\"},\"query-input\":{\"@type\":\"PropertyValueSpecification\",\"valueRequired\":true,\"valueName\":\"search_term_string\"}}],\"inLanguage\":\"en-GB\"},{\"@type\":\"Organization\",\"@id\":\"https:\\\/\\\/www.calfusterdetous.com\\\/#organization\",\"name\":\"Cal Fuster de la pla\u00e7a\",\"url\":\"https:\\\/\\\/www.calfusterdetous.com\\\/\",\"logo\":{\"@type\":\"ImageObject\",\"inLanguage\":\"en-GB\",\"@id\":\"https:\\\/\\\/www.calfusterdetous.com\\\/#\\\/schema\\\/logo\\\/image\\\/\",\"url\":\"https:\\\/\\\/www.calfusterdetous.com\\\/wp-content\\\/uploads\\\/2020\\\/04\\\/Recurso-2@2x.png\",\"contentUrl\":\"https:\\\/\\\/www.calfusterdetous.com\\\/wp-content\\\/uploads\\\/2020\\\/04\\\/Recurso-2@2x.png\",\"width\":441,\"height\":171,\"caption\":\"Cal Fuster de la pla\u00e7a\"},\"image\":{\"@id\":\"https:\\\/\\\/www.calfusterdetous.com\\\/#\\\/schema\\\/logo\\\/image\\\/\"}}]}<\/script>\n<!-- \/ Yoast SEO plugin. -->","yoast_head_json":{"title":"Sol de Tous - Cal Fuster de la pla\u00e7a","robots":{"index":"index","follow":"follow","max-snippet":"max-snippet:-1","max-image-preview":"max-image-preview:large","max-video-preview":"max-video-preview:-1"},"canonical":"https:\/\/www.calfusterdetous.com\/eng\/accommodation\/soldetous\/","og_locale":"en_GB","og_type":"article","og_title":"Sol de Tous - Cal Fuster de la pla\u00e7a","og_description":"Habitaci\u00f3 doble amb bany amb dutxa, tovalloles, panera de sabonets, nevera, caixa forta, llen\u00e7ols, Wifi i calefacci\u00f3.","og_url":"https:\/\/www.calfusterdetous.com\/eng\/accommodation\/soldetous\/","og_site_name":"Cal Fuster de la pla\u00e7a","article_modified_time":"2024-11-15T10:36:13+00:00","og_image":[{"width":1920,"height":1500,"url":"https:\/\/www.calfusterdetous.com\/wp-content\/uploads\/2018\/09\/sol-PRAL.jpg","type":"image\/jpeg"}],"twitter_card":"summary_large_image","twitter_misc":{"Estimated reading time":"1 minute"},"schema":{"@context":"https:\/\/schema.org","@graph":[{"@type":"WebPage","@id":"https:\/\/www.calfusterdetous.com\/accommodation\/soldetous\/","url":"https:\/\/www.calfusterdetous.com\/accommodation\/soldetous\/","name":"Sol de Tous - Cal Fuster de la pla\u00e7a","isPartOf":{"@id":"https:\/\/www.calfusterdetous.com\/#website"},"primaryImageOfPage":{"@id":"https:\/\/www.calfusterdetous.com\/accommodation\/soldetous\/#primaryimage"},"image":{"@id":"https:\/\/www.calfusterdetous.com\/accommodation\/soldetous\/#primaryimage"},"thumbnailUrl":"https:\/\/www.calfusterdetous.com\/wp-content\/uploads\/2018\/09\/sol-PRAL.jpg","datePublished":"2018-09-20T05:25:13+00:00","dateModified":"2024-11-15T10:36:13+00:00","breadcrumb":{"@id":"https:\/\/www.calfusterdetous.com\/accommodation\/soldetous\/#breadcrumb"},"inLanguage":"en-GB","potentialAction":[{"@type":"ReadAction","target":["https:\/\/www.calfusterdetous.com\/accommodation\/soldetous\/"]}]},{"@type":"ImageObject","inLanguage":"en-GB","@id":"https:\/\/www.calfusterdetous.com\/accommodation\/soldetous\/#primaryimage","url":"https:\/\/www.calfusterdetous.com\/wp-content\/uploads\/2018\/09\/sol-PRAL.jpg","contentUrl":"https:\/\/www.calfusterdetous.com\/wp-content\/uploads\/2018\/09\/sol-PRAL.jpg","width":1920,"height":1500},{"@type":"BreadcrumbList","@id":"https:\/\/www.calfusterdetous.com\/accommodation\/soldetous\/#breadcrumb","itemListElement":[{"@type":"ListItem","position":1,"name":"Portada","item":"https:\/\/www.calfusterdetous.com\/"},{"@type":"ListItem","position":2,"name":"Tipos de alojamientos","item":"https:\/\/www.calfusterdetous.com\/accommodation\/"},{"@type":"ListItem","position":3,"name":"Sol de Tous"}]},{"@type":"WebSite","@id":"https:\/\/www.calfusterdetous.com\/#website","url":"https:\/\/www.calfusterdetous.com\/","name":"Carpenter of the square is needed","description":"Es una acogedora casa rural en Sant Mart\u00ed de Tous, ofreciendo cinco habitaciones \u00fanicas y espacios comunes llenos de historia y leyendas locales.","publisher":{"@id":"https:\/\/www.calfusterdetous.com\/#organization"},"potentialAction":[{"@type":"SearchAction","target":{"@type":"EntryPoint","urlTemplate":"https:\/\/www.calfusterdetous.com\/?s={search_term_string}"},"query-input":{"@type":"PropertyValueSpecification","valueRequired":true,"valueName":"search_term_string"}}],"inLanguage":"en-GB"},{"@type":"Organization","@id":"https:\/\/www.calfusterdetous.com\/#organization","name":"Carpenter of the square is needed","url":"https:\/\/www.calfusterdetous.com\/","logo":{"@type":"ImageObject","inLanguage":"en-GB","@id":"https:\/\/www.calfusterdetous.com\/#\/schema\/logo\/image\/","url":"https:\/\/www.calfusterdetous.com\/wp-content\/uploads\/2020\/04\/Recurso-2@2x.png","contentUrl":"https:\/\/www.calfusterdetous.com\/wp-content\/uploads\/2020\/04\/Recurso-2@2x.png","width":441,"height":171,"caption":"Cal Fuster de la pla\u00e7a"},"image":{"@id":"https:\/\/www.calfusterdetous.com\/#\/schema\/logo\/image\/"}}]}},"_links":{"self":[{"href":"https:\/\/www.calfusterdetous.com\/eng\/wp-json\/wp\/v2\/mphb_room_type\/96","targetHints":{"allow":["GET"]}}],"collection":[{"href":"https:\/\/www.calfusterdetous.com\/eng\/wp-json\/wp\/v2\/mphb_room_type"}],"about":[{"href":"https:\/\/www.calfusterdetous.com\/eng\/wp-json\/wp\/v2\/types\/mphb_room_type"}],"replies":[{"embeddable":true,"href":"https:\/\/www.calfusterdetous.com\/eng\/wp-json\/wp\/v2\/comments?post=96"}],"wp:featuredmedia":[{"embeddable":true,"href":"https:\/\/www.calfusterdetous.com\/eng\/wp-json\/wp\/v2\/media\/25694"}],"wp:attachment":[{"href":"https:\/\/www.calfusterdetous.com\/eng\/wp-json\/wp\/v2\/media?parent=96"}],"wp:term":[{"taxonomy":"mphb_room_type_category","embeddable":true,"href":"https:\/\/www.calfusterdetous.com\/eng\/wp-json\/wp\/v2\/mphb_room_type_category?post=96"},{"taxonomy":"mphb_room_type_tag","embeddable":true,"href":"https:\/\/www.calfusterdetous.com\/eng\/wp-json\/wp\/v2\/mphb_room_type_tag?post=96"},{"taxonomy":"mphb_room_type_facility","embeddable":true,"href":"https:\/\/www.calfusterdetous.com\/eng\/wp-json\/wp\/v2\/mphb_room_type_facility?post=96"}],"curies":[{"name":"wp","href":"https:\/\/api.w.org\/{rel}","templated":true}]}}

<p>Double room with bathroom with shower, towels, soap dispenser, fridge, safe, sheets, Wi-Fi and heating.<br />
This room has the possibility of sharing with the Torrent Cavaller room with two beds and a shared bathroom. Very bright room with views of the old main square of Sant Martí.</p>
<p>With the reservation you will have the possibility and free access to the common areas of the house such as the recreation rooms, the museum exhibition and the entire area of La Fou including the swimming pool, the terrace and the kitchen where you will find a small refreshment. Access to the sauna must be arranged.</p>
<p><em>&quot;El Sol de Tous&quot; was published for the first time on November 8, 1914. The young Camil Riba i Compte, without knowing how to read or write, lover of the culture and events of the time, managed to edit the newspaper &quot; Everyone&#039;s Sun&quot;. Thus, under the heading of the newspaper it could be read &quot;Monthly periodical, defender of the interests of the town and its comarca&quot;. And on its pages there were news and curiosities not only from Tous but also from the neighboring towns...&quot;</em></p>
<p><em>*Les mascotes tenen un cost de 30€+IVA per mascota. En cas de més d&#8217;una mascota siusplau contacteu amb la casa.</em></p>

<!-- This site is optimized with the Yoast SEO plugin v27.4 - https://yoast.com/product/yoast-seo-wordpress/ -->
<title>Sol de Tous - Cal Fuster de la plaça</title>
<meta name="robots" content="index, follow, max-snippet:-1, max-image-preview:large, max-video-preview:-1" />
<link rel="canonical" href="https://www.calfusterdetous.com/eng/accommodation/soldetous/" />
<meta property="og:locale" content="en_GB" />
<meta property="og:type" content="article" />
<meta property="og:title" content="Sol de Tous - Cal Fuster de la plaça" />
<meta property="og:description" content="Habitació doble amb bany amb dutxa, tovalloles, panera de sabonets, nevera, caixa forta, llençols, Wifi i calefacció." />
<meta property="og:url" content="https://www.calfusterdetous.com/eng/accommodation/soldetous/" />
<meta property="og:site_name" content="Cal Fuster de la plaça" />
<meta property="article:modified_time" content="2024-11-15T10:36:13+00:00" />
<meta property="og:image" content="https://www.calfusterdetous.com/wp-content/uploads/2018/09/sol-PRAL.jpg" />
	<meta property="og:image:width" content="1920" />
	<meta property="og:image:height" content="1500" />
	<meta property="og:image:type" content="image/jpeg" />
<meta name="twitter:card" content="summary_large_image" />
<meta name="twitter:label1" content="Estimated reading time" />
	<meta name="twitter:data1" content="1 minute" />
<script type="application/ld+json" class="yoast-schema-graph">{"@context":"https:\/\/schema.org","@graph":[{"@type":"WebPage","@id":"https:\/\/www.calfusterdetous.com\/accommodation\/soldetous\/","url":"https:\/\/www.calfusterdetous.com\/accommodation\/soldetous\/","name":"Sol de Tous - Cal Fuster de la plaça","isPartOf":{"@id":"https:\/\/www.calfusterdetous.com\/#website"},"primaryImageOfPage":{"@id":"https:\/\/www.calfusterdetous.com\/accommodation\/soldetous\/#primaryimage"},"image":{"@id":"https:\/\/www.calfusterdetous.com\/accommodation\/soldetous\/#primaryimage"},"thumbnailUrl":"https:\/\/www.calfusterdetous.com\/wp-content\/uploads\/2018\/09\/sol-PRAL.jpg","datePublished":"2018-09-20T05:25:13+00:00","dateModified":"2024-11-15T10:36:13+00:00","breadcrumb":{"@id":"https:\/\/www.calfusterdetous.com\/accommodation\/soldetous\/#breadcrumb"},"inLanguage":"en-GB","potentialAction":[{"@type":"ReadAction","target":["https:\/\/www.calfusterdetous.com\/accommodation\/soldetous\/"]}]},{"@type":"ImageObject","inLanguage":"en-GB","@id":"https:\/\/www.calfusterdetous.com\/accommodation\/soldetous\/#primaryimage","url":"https:\/\/www.calfusterdetous.com\/wp-content\/uploads\/2018\/09\/sol-PRAL.jpg","contentUrl":"https:\/\/www.calfusterdetous.com\/wp-content\/uploads\/2018\/09\/sol-PRAL.jpg","width":1920,"height":1500},{"@type":"BreadcrumbList","@id":"https:\/\/www.calfusterdetous.com\/accommodation\/soldetous\/#breadcrumb","itemListElement":[{"@type":"ListItem","position":1,"name":"Portada","item":"https:\/\/www.calfusterdetous.com\/"},{"@type":"ListItem","position":2,"name":"Tipos de alojamientos","item":"https:\/\/www.calfusterdetous.com\/accommodation\/"},{"@type":"ListItem","position":3,"name":"Sol de Tous"}]},{"@type":"WebSite","@id":"https:\/\/www.calfusterdetous.com\/#website","url":"https:\/\/www.calfusterdetous.com\/","name":"Cal Fuster de la plaça","description":"Es una acogedora casa rural en Sant Martí de Tous, ofreciendo cinco habitaciones únicas y espacios comunes llenos de historia y leyendas locales. ","publisher":{"@id":"https:\/\/www.calfusterdetous.com\/#organization"},"potentialAction":[{"@type":"SearchAction","target":{"@type":"EntryPoint","urlTemplate":"https:\/\/www.calfusterdetous.com\/?s={search_term_string}"},"query-input":{"@type":"PropertyValueSpecification","valueRequired":true,"valueName":"search_term_string"}}],"inLanguage":"en-GB"},{"@type":"Organization","@id":"https:\/\/www.calfusterdetous.com\/#organization","name":"Cal Fuster de la plaça","url":"https:\/\/www.calfusterdetous.com\/","logo":{"@type":"ImageObject","inLanguage":"en-GB","@id":"https:\/\/www.calfusterdetous.com\/#\/schema\/logo\/image\/","url":"https:\/\/www.calfusterdetous.com\/wp-content\/uploads\/2020\/04\/Recurso-2@2x.png","contentUrl":"https:\/\/www.calfusterdetous.com\/wp-content\/uploads\/2020\/04\/Recurso-2@2x.png","width":441,"height":171,"caption":"Cal Fuster de la plaça"},"image":{"@id":"https:\/\/www.calfusterdetous.com\/#\/schema\/logo\/image\/"}}]}</script>
<!-- / Yoast SEO plugin. -->

Sol de Tous - Cal Fuster de la plaça

Habitació doble amb bany amb dutxa, tovalloles, panera de sabonets, nevera, caixa forta, llençols, Wifi i calefacció.

Cal Fuster de la plaça

Es una acogedora casa rural en Sant Martí de Tous, ofreciendo cinco habitaciones únicas y espacios comunes llenos de historia y leyendas locales.
