{"id":3,"date":"2022-03-22T12:01:18","date_gmt":"2022-03-22T12:01:18","guid":{"rendered":"https:\/\/hotellerv1.themegoods.com\/\/?page_id=3"},"modified":"2023-07-27T11:30:13","modified_gmt":"2023-07-27T11:30:13","slug":"privacy-policy","status":"publish","type":"page","link":"https:\/\/www.calfusterdetous.com\/eng\/privacy-policy\/","title":{"rendered":"Legal Notice and Terms of Use of the website"},"content":{"rendered":"<div data-elementor-type=\"wp-page\" data-elementor-id=\"3\" class=\"elementor elementor-3\" data-elementor-post-type=\"page\">\n\t\t\t\t\t\t<section class=\"elementor-section elementor-top-section elementor-element elementor-element-5e293256 elementor-section-boxed elementor-section-height-default elementor-section-height-default\" data-id=\"5e293256\" data-element_type=\"section\" data-e-type=\"section\" data-settings=\"{&quot;hoteller_ext_is_background_parallax&quot;:&quot;false&quot;,&quot;hoteller_ext_is_background_on_scroll&quot;:&quot;false&quot;}\">\n\t\t\t\t\t\t<div class=\"elementor-container elementor-column-gap-default\">\n\t\t\t\t\t<div class=\"elementor-column elementor-col-100 elementor-top-column elementor-element elementor-element-de6648e\" data-id=\"de6648e\" data-element_type=\"column\" data-e-type=\"column\" data-settings=\"{&quot;hoteller_ext_link_sidemenu&quot;:&quot;false&quot;,&quot;hoteller_ext_link_fullmenu&quot;:&quot;false&quot;,&quot;hoteller_ext_link_closed_fullmenu&quot;:&quot;false&quot;,&quot;hoteller_ext_is_scrollme&quot;:&quot;false&quot;,&quot;hoteller_ext_is_smoove&quot;:&quot;false&quot;,&quot;hoteller_ext_is_parallax_mouse&quot;:&quot;false&quot;,&quot;hoteller_ext_is_infinite&quot;:&quot;false&quot;,&quot;hoteller_ext_is_fadeout_animation&quot;:&quot;false&quot;,&quot;hoteller_ext_mobile_static&quot;:&quot;false&quot;}\">\n\t\t\t<div class=\"elementor-widget-wrap elementor-element-populated\">\n\t\t\t\t\t\t<div class=\"elementor-element elementor-element-d645521 elementor-widget elementor-widget-text-editor\" data-id=\"d645521\" data-element_type=\"widget\" data-e-type=\"widget\" data-settings=\"{&quot;hoteller_ext_link_sidemenu&quot;:&quot;false&quot;,&quot;hoteller_ext_link_fullmenu&quot;:&quot;false&quot;,&quot;hoteller_ext_link_closed_fullmenu&quot;:&quot;false&quot;,&quot;hoteller_ext_is_scrollme&quot;:&quot;false&quot;,&quot;hoteller_ext_is_smoove&quot;:&quot;false&quot;,&quot;hoteller_ext_is_parallax_mouse&quot;:&quot;false&quot;,&quot;hoteller_ext_is_infinite&quot;:&quot;false&quot;,&quot;hoteller_ext_is_fadeout_animation&quot;:&quot;false&quot;,&quot;hoteller_ext_mobile_static&quot;:&quot;false&quot;}\" data-widget_type=\"text-editor.default\">\n\t\t\t\t<div class=\"elementor-widget-container\">\n\t\t\t\t\t\t\t\t\t<p>In accordance with the duty of information established in Law 34\/2002, of July 11, on Information Services and Electronic Commerce, below are the general information data of the website: http:\/ \/calfusterdetous.com.<br \/>Identity: MARIA CARME RICA LLINARES.<br \/>DNI\/NIF: 77.106.359-D.<br \/>Address: Plaza Manel M\u00aa Girona, number 3 \u2013 (08712) Sant Mart\u00ed de Tous.<br \/>Telephone: +34 93 809 64 28 \/ +34 651 807 304.<br \/>Email: fuster@calfusterdetous.com.<\/p>\n<p><!-- \/wp:paragraph --><!-- wp:heading {\"level\":3} --><\/p>\n<h3>TERMS AND CONDITIONS OF USE<\/h3>\n<p><!-- \/wp:heading --><!-- wp:paragraph --><\/p>\n<p>The access and use of this website grants the status of user and implies the full acceptance of the conditions of use thereof, contained in this legal notice. Please read them carefully. Accessing this website and using the materials it contains implies that you have read and accept, without reservation, these conditions. If you do not agree with these, the user will refrain from using the website.<br \/>In order to comply with the regulations, this legal notice is subject to changes and authorizations, so we recommend the user to read and review it whenever they access the website.<br \/>However, some of the services offered through the website may be subject, in addition to the conditions described in this legal notice, to their own particular conditions of use which, if applicable, will also be applicable. Consequently, the user&#039;s navigation on the website implies, not only the acceptance of this legal notice, but also the full acceptance of these particular conditions when they apply.<\/p>\n<p><!-- \/wp:paragraph --><!-- wp:paragraph --><\/p>\n<p><strong>1. Terms of use.<\/strong><\/p>\n<p><!-- \/wp:paragraph --><!-- wp:paragraph --><\/p>\n<p>This website contains materials prepared by MARIA CARME RICA LLINARES or its service providers for informational and consultation purposes only. However, it may include links or links that may lead the user to other sites and web pages managed by third parties, of which MARIA CARME RICA LLINARES will not be responsible for their contents or the state of these websites and does not imply recommendation or approval of its contents.<br \/>The information contained on the website is current on the date of the last update and must be considered indicative by the user. For any question that may arise about the contents, commercial activities, products and services, the current regulatory regulations will apply, the jurisdictional bodies being the competent ones to hear about any issues.<br \/>In any case, MARIA CARME RICA LLINARES reserves all rights to modify, limit or cancel access and content of the website at any time, as well as the power to make changes in the configuration or presentation of the your website<br \/>Without prejudice to the legal rights of the website user and, where applicable, the rights recognized to consumers, MARIA CARME RICA LLINARES does not guarantee the availability, access and continuity of operation of the website, its services and its contents . Whenever possible, MARIA CARME RICA LLINARES will notify the user in advance of interruptions to the website. However, it will not be responsible for damages suffered by it due to the lack of availability, access or continuity of the website or any of its services or content. However, MARIA CARME RICA LLINARES omits any type of responsibility that could arise from the existence of technical problems or mechanical errors in the computer equipment produced during the internet connection.<\/p>\n<p><!-- \/wp:paragraph --><!-- wp:paragraph --><\/p>\n<p><strong>2. Limitation of liability.<\/strong><\/p>\n<p><!-- \/wp:paragraph --><!-- wp:paragraph --><\/p>\n<p>The user undertakes to make diligent use of this website, in accordance with current legislation, this legal notice, the particular conditions (if any) and any other communication brought to his attention through of this or another medium, as well as the norms of coexistence, morality and generally accepted good customs. MARIA CARME RICA LLINARES is not responsible for the incorrect use that users make of the information or contents of the service, these acts being the exclusive responsibility of the user.<br \/>Neither MARIA CARME RICA LLINARES nor the people of her organization are responsible for errors or omissions in the published content, given that they are merely informative. However, MARIA CARME RICA LLINARES is not responsible for any damage that may arise from the use of this website or from any action taken on the basis of the information provided here.<br \/>In any case, MARIA CARME RICA LLINARES does not assume responsibility for the user&#039;s interpretations of the information contained on its website.<\/p>\n<p><!-- \/wp:paragraph --><!-- wp:paragraph --><\/p>\n<p><strong>3. Intellectual property rights.<\/strong><\/p>\n<p><!-- \/wp:paragraph --><!-- wp:paragraph --><\/p>\n<p>MARIA CARME RICA LLINARES reserves all intellectual property rights over the entire content of this website, be it texts, images, sound, files, brands, logos, color combinations or any other element. Its structure and design, the selection and form of presentation of the materials included, as well as the computer and computer programs necessary for its operation, access and use, which are protected by intellectual and industrial property rights, ownership of MARIA CARME RICA LLINARES and\/or its collaborators and\/or participating companies.<br \/>The reproduction, transformation, distribution, public communication, making available to the public and in general any other form of exploitation, by any procedure, of all or part of the contents of this website, as well as its design and the selection and form of presentation of the materials it includes.<br \/>It is prohibited to decompile, decouple or perform reverse engineering, as well as delete, alter, circumvent or manipulate any protection device or security systems that may be installed.<br \/>Any unauthorized use of the software or the content of this website may constitute a breach of the laws of intellectual property, industrial property, personal rights, rights of publicity and communication and, therefore, MARIA CARME RICA LLINARES, may exercise all civil and\/or criminal actions that correspond against whoever infringes their rights.<\/p>\n<p><!-- \/wp:paragraph --><!-- wp:paragraph --><\/p>\n<p><strong>4. Veracity and confidentiality of own data.<\/strong><\/p>\n<p><!-- \/wp:paragraph --><!-- wp:paragraph --><\/p>\n<p>The information that the user provides through the website and\/or through any other communication channel must be truthful, complete, accurate and up-to-date. To this end, the user guarantees the authenticity of all the data that is communicated, being solely responsible for any false or inaccurate statements made and any damage that may be caused to MARIA CARME RICA LLINARES or third parties. Also, the user will be solely responsible for the information they provide regarding third parties<br \/>Neither MARIA CARME RICA LLINARES nor the people of her organization are responsible for errors or omissions in the published content, given that they are merely informative. However, MARIA CARME RICA LLINARES is not responsible for any damage that may arise from the use of this website or from any action taken on the basis of the information provided here.<br \/>The user undertakes to maintain the confidentiality of their data and access credentials to their private area, if they have any, as well as the activities, management and procedures that can be carried out in it. In the event that a third party makes illegitimate or fraudulent use of the user&#039;s account and\/or credentials, or a use that puts security at risk, the user must notify MARIA CARME RICA LLINARES immediately in order to adopt the necessary measures to prevent and reduce the possible risks that could arise.<\/p>\n<p><!-- \/wp:paragraph --><!-- wp:paragraph --><\/p>\n<p><strong>5. Cookies and anti-spam policy.<\/strong><\/p>\n<p><!-- \/wp:paragraph --><!-- wp:paragraph --><\/p>\n<p>This website uses its own and third-party cookies to personalize navigation, improve its services and display advertising related to the user&#039;s preferences by analyzing their browsing habits. The user must accept the cookies policy expressly and can consult it at any time by accessing the corresponding web section.<br \/>MARIA CARME RICA LLINARES is against the practice of SPAM (massive and continuous sending to e-mail of advertising messages, usually commercial, aimed at a plurality of people and unsolicited). It is for this reason that users and third parties harmed by the reception of SPAM, the sending of which has not been previously consented to or intended to be cancelled, can contact MARIA CARME RICA LLINARES at fuster@calfusterdetous.com in order to adopt the necessary measures to avoid it.<\/p>\n<p><!-- \/wp:paragraph --><!-- wp:paragraph --><\/p>\n<p><strong>6. Data protection.<\/strong><\/p>\n<p><!-- \/wp:paragraph --><!-- wp:paragraph --><\/p>\n<p>Some of the services included in this website require the collection of the user&#039;s personal data for their correct provision. The user, before providing MARIA CARME RICA LLINARES with their data, must read and accept the data protection policy, which can be found in the enabled web section, as well as in the forms and\/or documents enabled for the data entry, as appropriate.<\/p>\n<p><!-- \/wp:paragraph --><!-- wp:paragraph --><\/p>\n<p><strong>7. Jurisdiction and applicable legislation.<\/strong><\/p>\n<p><!-- \/wp:paragraph --><!-- wp:paragraph --><\/p>\n<p>The legislation applicable to the content of this website will be the one in force in the territorial area and the jurisdiction to which MARIA CARME RICA LLINARES submits for the resolution of any conflict or litigious matter that may arise from its relationship with the user is that of the courts of Igualada.<\/p>\t\t\t\t\t\t\t\t<\/div>\n\t\t\t\t<\/div>\n\t\t\t\t\t<\/div>\n\t\t<\/div>\n\t\t\t\t\t<\/div>\n\t\t<\/section>\n\t\t\t\t<\/div>","protected":false},"excerpt":{"rendered":"<p>D\u2019acord amb el deure d\u2019informaci\u00f3 establert a la Llei 34\/2002, d\u201911 de juliol, de Serveis de la Informaci\u00f3 i Comer\u00e7 Electr\u00f2nic, a continuaci\u00f3 s\u2019indiquen les dades d\u2019informaci\u00f3 general del lloc web: http:\/\/calfusterdetous.com. Identitat: MARIA CARME RICA LLINARES. D.N.I.\/N.I.F.: 77.106.359-D. Domicili: [&hellip;]<\/p>\n","protected":false},"author":1,"featured_media":0,"parent":0,"menu_order":0,"comment_status":"closed","ping_status":"closed","template":"","meta":{"_monsterinsights_skip_tracking":false,"_monsterinsights_sitenote_active":false,"_monsterinsights_sitenote_note":"","_monsterinsights_sitenote_category":0,"footnotes":""},"class_list":["post-3","page","type-page","status-publish","hentry"],"yoast_head":"<!-- This site is optimized with the Yoast SEO plugin v27.4 - https:\/\/yoast.com\/product\/yoast-seo-wordpress\/ -->\n<title>Av\u00eds Legal i Condicions d\u2019\u00das del lloc web - Cal Fuster de la pla\u00e7a<\/title>\n<meta name=\"robots\" content=\"index, follow, max-snippet:-1, max-image-preview:large, max-video-preview:-1\" \/>\n<link rel=\"canonical\" href=\"https:\/\/www.calfusterdetous.com\/eng\/privacy-policy\/\" \/>\n<meta property=\"og:locale\" content=\"en_GB\" \/>\n<meta property=\"og:type\" content=\"article\" \/>\n<meta property=\"og:title\" content=\"Av\u00eds Legal i Condicions d\u2019\u00das del lloc web - Cal Fuster de la pla\u00e7a\" \/>\n<meta property=\"og:description\" content=\"D\u2019acord amb el deure d\u2019informaci\u00f3 establert a la Llei 34\/2002, d\u201911 de juliol, de Serveis de la Informaci\u00f3 i Comer\u00e7 Electr\u00f2nic, a continuaci\u00f3 s\u2019indiquen les dades d\u2019informaci\u00f3 general del lloc web: http:\/\/calfusterdetous.com. Identitat: MARIA CARME RICA LLINARES. D.N.I.\/N.I.F.: 77.106.359-D. Domicili: [&hellip;]\" \/>\n<meta property=\"og:url\" content=\"https:\/\/www.calfusterdetous.com\/eng\/privacy-policy\/\" \/>\n<meta property=\"og:site_name\" content=\"Cal Fuster de la pla\u00e7a\" \/>\n<meta property=\"article:modified_time\" content=\"2023-07-27T11:30:13+00:00\" \/>\n<meta name=\"twitter:card\" content=\"summary_large_image\" \/>\n<meta name=\"twitter:label1\" content=\"Estimated reading time\" \/>\n\t<meta name=\"twitter:data1\" content=\"8 minutes\" \/>\n<script type=\"application\/ld+json\" class=\"yoast-schema-graph\">{\"@context\":\"https:\\\/\\\/schema.org\",\"@graph\":[{\"@type\":\"WebPage\",\"@id\":\"https:\\\/\\\/www.calfusterdetous.com\\\/privacy-policy\\\/\",\"url\":\"https:\\\/\\\/www.calfusterdetous.com\\\/privacy-policy\\\/\",\"name\":\"Av\u00eds Legal i Condicions d\u2019\u00das del lloc web - Cal Fuster de la pla\u00e7a\",\"isPartOf\":{\"@id\":\"https:\\\/\\\/www.calfusterdetous.com\\\/#website\"},\"datePublished\":\"2022-03-22T12:01:18+00:00\",\"dateModified\":\"2023-07-27T11:30:13+00:00\",\"breadcrumb\":{\"@id\":\"https:\\\/\\\/www.calfusterdetous.com\\\/privacy-policy\\\/#breadcrumb\"},\"inLanguage\":\"en-GB\",\"potentialAction\":[{\"@type\":\"ReadAction\",\"target\":[\"https:\\\/\\\/www.calfusterdetous.com\\\/privacy-policy\\\/\"]}]},{\"@type\":\"BreadcrumbList\",\"@id\":\"https:\\\/\\\/www.calfusterdetous.com\\\/privacy-policy\\\/#breadcrumb\",\"itemListElement\":[{\"@type\":\"ListItem\",\"position\":1,\"name\":\"Portada\",\"item\":\"https:\\\/\\\/www.calfusterdetous.com\\\/\"},{\"@type\":\"ListItem\",\"position\":2,\"name\":\"Av\u00eds Legal i Condicions d\u2019\u00das del lloc web\"}]},{\"@type\":\"WebSite\",\"@id\":\"https:\\\/\\\/www.calfusterdetous.com\\\/#website\",\"url\":\"https:\\\/\\\/www.calfusterdetous.com\\\/\",\"name\":\"Cal Fuster de la pla\u00e7a\",\"description\":\"Es una acogedora casa rural en Sant Mart\u00ed de Tous, ofreciendo cinco habitaciones \u00fanicas y espacios comunes llenos de historia y leyendas locales. \",\"publisher\":{\"@id\":\"https:\\\/\\\/www.calfusterdetous.com\\\/#organization\"},\"potentialAction\":[{\"@type\":\"SearchAction\",\"target\":{\"@type\":\"EntryPoint\",\"urlTemplate\":\"https:\\\/\\\/www.calfusterdetous.com\\\/?s={search_term_string}\"},\"query-input\":{\"@type\":\"PropertyValueSpecification\",\"valueRequired\":true,\"valueName\":\"search_term_string\"}}],\"inLanguage\":\"en-GB\"},{\"@type\":\"Organization\",\"@id\":\"https:\\\/\\\/www.calfusterdetous.com\\\/#organization\",\"name\":\"Cal Fuster de la pla\u00e7a\",\"url\":\"https:\\\/\\\/www.calfusterdetous.com\\\/\",\"logo\":{\"@type\":\"ImageObject\",\"inLanguage\":\"en-GB\",\"@id\":\"https:\\\/\\\/www.calfusterdetous.com\\\/#\\\/schema\\\/logo\\\/image\\\/\",\"url\":\"https:\\\/\\\/www.calfusterdetous.com\\\/wp-content\\\/uploads\\\/2020\\\/04\\\/Recurso-2@2x.png\",\"contentUrl\":\"https:\\\/\\\/www.calfusterdetous.com\\\/wp-content\\\/uploads\\\/2020\\\/04\\\/Recurso-2@2x.png\",\"width\":441,\"height\":171,\"caption\":\"Cal Fuster de la pla\u00e7a\"},\"image\":{\"@id\":\"https:\\\/\\\/www.calfusterdetous.com\\\/#\\\/schema\\\/logo\\\/image\\\/\"}}]}<\/script>\n<!-- \/ Yoast SEO plugin. -->","yoast_head_json":{"title":"Av\u00eds Legal i Condicions d\u2019\u00das del lloc web - Cal Fuster de la pla\u00e7a","robots":{"index":"index","follow":"follow","max-snippet":"max-snippet:-1","max-image-preview":"max-image-preview:large","max-video-preview":"max-video-preview:-1"},"canonical":"https:\/\/www.calfusterdetous.com\/eng\/privacy-policy\/","og_locale":"en_GB","og_type":"article","og_title":"Av\u00eds Legal i Condicions d\u2019\u00das del lloc web - Cal Fuster de la pla\u00e7a","og_description":"D\u2019acord amb el deure d\u2019informaci\u00f3 establert a la Llei 34\/2002, d\u201911 de juliol, de Serveis de la Informaci\u00f3 i Comer\u00e7 Electr\u00f2nic, a continuaci\u00f3 s\u2019indiquen les dades d\u2019informaci\u00f3 general del lloc web: http:\/\/calfusterdetous.com. Identitat: MARIA CARME RICA LLINARES. D.N.I.\/N.I.F.: 77.106.359-D. Domicili: [&hellip;]","og_url":"https:\/\/www.calfusterdetous.com\/eng\/privacy-policy\/","og_site_name":"Cal Fuster de la pla\u00e7a","article_modified_time":"2023-07-27T11:30:13+00:00","twitter_card":"summary_large_image","twitter_misc":{"Estimated reading time":"8 minutes"},"schema":{"@context":"https:\/\/schema.org","@graph":[{"@type":"WebPage","@id":"https:\/\/www.calfusterdetous.com\/privacy-policy\/","url":"https:\/\/www.calfusterdetous.com\/privacy-policy\/","name":"Av\u00eds Legal i Condicions d\u2019\u00das del lloc web - Cal Fuster de la pla\u00e7a","isPartOf":{"@id":"https:\/\/www.calfusterdetous.com\/#website"},"datePublished":"2022-03-22T12:01:18+00:00","dateModified":"2023-07-27T11:30:13+00:00","breadcrumb":{"@id":"https:\/\/www.calfusterdetous.com\/privacy-policy\/#breadcrumb"},"inLanguage":"en-GB","potentialAction":[{"@type":"ReadAction","target":["https:\/\/www.calfusterdetous.com\/privacy-policy\/"]}]},{"@type":"BreadcrumbList","@id":"https:\/\/www.calfusterdetous.com\/privacy-policy\/#breadcrumb","itemListElement":[{"@type":"ListItem","position":1,"name":"Portada","item":"https:\/\/www.calfusterdetous.com\/"},{"@type":"ListItem","position":2,"name":"Av\u00eds Legal i Condicions d\u2019\u00das del lloc web"}]},{"@type":"WebSite","@id":"https:\/\/www.calfusterdetous.com\/#website","url":"https:\/\/www.calfusterdetous.com\/","name":"Carpenter of the square is needed","description":"Es una acogedora casa rural en Sant Mart\u00ed de Tous, ofreciendo cinco habitaciones \u00fanicas y espacios comunes llenos de historia y leyendas locales.","publisher":{"@id":"https:\/\/www.calfusterdetous.com\/#organization"},"potentialAction":[{"@type":"SearchAction","target":{"@type":"EntryPoint","urlTemplate":"https:\/\/www.calfusterdetous.com\/?s={search_term_string}"},"query-input":{"@type":"PropertyValueSpecification","valueRequired":true,"valueName":"search_term_string"}}],"inLanguage":"en-GB"},{"@type":"Organization","@id":"https:\/\/www.calfusterdetous.com\/#organization","name":"Carpenter of the square is needed","url":"https:\/\/www.calfusterdetous.com\/","logo":{"@type":"ImageObject","inLanguage":"en-GB","@id":"https:\/\/www.calfusterdetous.com\/#\/schema\/logo\/image\/","url":"https:\/\/www.calfusterdetous.com\/wp-content\/uploads\/2020\/04\/Recurso-2@2x.png","contentUrl":"https:\/\/www.calfusterdetous.com\/wp-content\/uploads\/2020\/04\/Recurso-2@2x.png","width":441,"height":171,"caption":"Cal Fuster de la pla\u00e7a"},"image":{"@id":"https:\/\/www.calfusterdetous.com\/#\/schema\/logo\/image\/"}}]}},"_links":{"self":[{"href":"https:\/\/www.calfusterdetous.com\/eng\/wp-json\/wp\/v2\/pages\/3","targetHints":{"allow":["GET"]}}],"collection":[{"href":"https:\/\/www.calfusterdetous.com\/eng\/wp-json\/wp\/v2\/pages"}],"about":[{"href":"https:\/\/www.calfusterdetous.com\/eng\/wp-json\/wp\/v2\/types\/page"}],"author":[{"embeddable":true,"href":"https:\/\/www.calfusterdetous.com\/eng\/wp-json\/wp\/v2\/users\/1"}],"replies":[{"embeddable":true,"href":"https:\/\/www.calfusterdetous.com\/eng\/wp-json\/wp\/v2\/comments?post=3"}],"version-history":[{"count":0,"href":"https:\/\/www.calfusterdetous.com\/eng\/wp-json\/wp\/v2\/pages\/3\/revisions"}],"wp:attachment":[{"href":"https:\/\/www.calfusterdetous.com\/eng\/wp-json\/wp\/v2\/media?parent=3"}],"curies":[{"name":"wp","href":"https:\/\/api.w.org\/{rel}","templated":true}]}}